{"version":"1.0","provider_name":"Concejo deliberante de Azul","provider_url":"http:\/\/concejodeliberantedeazul.gob.ar","title":"Concejo de los y las Estudiantes - Concejo deliberante de Azul","type":"rich","width":600,"height":338,"html":"<blockquote class=\"wp-embedded-content\" data-secret=\"SisIJ2jly6\"><a href=\"http:\/\/concejodeliberantedeazul.gob.ar\/index.php\/2025\/06\/25\/concejo-de-los-y-las-estudiantes-3\/\">Concejo de los y las Estudiantes<\/a><\/blockquote><iframe sandbox=\"allow-scripts\" security=\"restricted\" src=\"http:\/\/concejodeliberantedeazul.gob.ar\/index.php\/2025\/06\/25\/concejo-de-los-y-las-estudiantes-3\/embed\/#?secret=SisIJ2jly6\" width=\"600\" height=\"338\" title=\"&#8220;Concejo de los y las Estudiantes&#8221; &#8212; Concejo deliberante de Azul\" data-secret=\"SisIJ2jly6\" frameborder=\"0\" marginwidth=\"0\" marginheight=\"0\" scrolling=\"no\" class=\"wp-embedded-content\"><\/iframe><script type=\"text\/javascript\">\n\/* <![CDATA[ *\/\n\/*! This file is auto-generated *\/\n!function(d,l){\"use strict\";l.querySelector&&d.addEventListener&&\"undefined\"!=typeof URL&&(d.wp=d.wp||{},d.wp.receiveEmbedMessage||(d.wp.receiveEmbedMessage=function(e){var t=e.data;if((t||t.secret||t.message||t.value)&&!\/[^a-zA-Z0-9]\/.test(t.secret)){for(var s,r,n,a=l.querySelectorAll('iframe[data-secret=\"'+t.secret+'\"]'),o=l.querySelectorAll('blockquote[data-secret=\"'+t.secret+'\"]'),c=new RegExp(\"^https?:$\",\"i\"),i=0;i<o.length;i++)o[i].style.display=\"none\";for(i=0;i<a.length;i++)s=a[i],e.source===s.contentWindow&&(s.removeAttribute(\"style\"),\"height\"===t.message?(1e3<(r=parseInt(t.value,10))?r=1e3:~~r<200&&(r=200),s.height=r):\"link\"===t.message&&(r=new URL(s.getAttribute(\"src\")),n=new URL(t.value),c.test(n.protocol))&&n.host===r.host&&l.activeElement===s&&(d.top.location.href=t.value))}},d.addEventListener(\"message\",d.wp.receiveEmbedMessage,!1),l.addEventListener(\"DOMContentLoaded\",function(){for(var e,t,s=l.querySelectorAll(\"iframe.wp-embedded-content\"),r=0;r<s.length;r++)(t=(e=s[r]).getAttribute(\"data-secret\"))||(t=Math.random().toString(36).substring(2,12),e.src+=\"#?secret=\"+t,e.setAttribute(\"data-secret\",t)),e.contentWindow.postMessage({message:\"ready\",secret:t},\"*\")},!1)))}(window,document);\n\/\/# sourceURL=http:\/\/concejodeliberantedeazul.gob.ar\/wp-includes\/js\/wp-embed.min.js\n\/* ]]> *\/\n<\/script>\n","thumbnail_url":"http:\/\/concejodeliberantedeazul.gob.ar\/wp-content\/uploads\/2025\/06\/Sesion-Estudiantes.jpg","thumbnail_width":2048,"thumbnail_height":1936,"description":"Se llevar\u00e1 a cabo, este jueves a partir de las 9, la primera Sesi\u00f3n de los Estudiantes con la participaci\u00f3n de 14 instituciones educativas del partido de Azul. La misma se enmarca en la Ordenanza N\u00b0 3.750 del 2015 y sus modificatorias que refiere a la adhesi\u00f3n al Programa Nacional de Concejos Deliberantes Estudiantiles, creado [&hellip;]"}

Se llevará a cabo, este jueves a partir de las 9, la primera Sesión de los Estudiantes con la participación de 14 instituciones educativas del partido de Azul. La misma se enmarca en la Ordenanza N° 3.750 del 2015 y sus modificatorias que refiere a la adhesión al Programa Nacional de Concejos Deliberantes Estudiantiles, creado [&hellip;]
