{"version":"1.0","provider_name":"Concejo deliberante de Azul","provider_url":"http:\/\/concejodeliberantedeazul.gob.ar","title":"Reuni\u00f3n de la Mesa Social - Concejo deliberante de Azul","type":"rich","width":600,"height":338,"html":"<blockquote class=\"wp-embedded-content\" data-secret=\"JY0CamTGmR\"><a href=\"http:\/\/concejodeliberantedeazul.gob.ar\/index.php\/2025\/02\/20\/reunion-de-la-mesa-social\/\">Reuni\u00f3n de la Mesa Social<\/a><\/blockquote><iframe sandbox=\"allow-scripts\" security=\"restricted\" src=\"http:\/\/concejodeliberantedeazul.gob.ar\/index.php\/2025\/02\/20\/reunion-de-la-mesa-social\/embed\/#?secret=JY0CamTGmR\" width=\"600\" height=\"338\" title=\"&#8220;Reuni\u00f3n de la Mesa Social&#8221; &#8212; Concejo deliberante de Azul\" data-secret=\"JY0CamTGmR\" frameborder=\"0\" marginwidth=\"0\" marginheight=\"0\" scrolling=\"no\" class=\"wp-embedded-content\"><\/iframe><script type=\"text\/javascript\">\n\/* <![CDATA[ *\/\n\/*! This file is auto-generated *\/\n!function(d,l){\"use strict\";l.querySelector&&d.addEventListener&&\"undefined\"!=typeof URL&&(d.wp=d.wp||{},d.wp.receiveEmbedMessage||(d.wp.receiveEmbedMessage=function(e){var t=e.data;if((t||t.secret||t.message||t.value)&&!\/[^a-zA-Z0-9]\/.test(t.secret)){for(var s,r,n,a=l.querySelectorAll('iframe[data-secret=\"'+t.secret+'\"]'),o=l.querySelectorAll('blockquote[data-secret=\"'+t.secret+'\"]'),c=new RegExp(\"^https?:$\",\"i\"),i=0;i<o.length;i++)o[i].style.display=\"none\";for(i=0;i<a.length;i++)s=a[i],e.source===s.contentWindow&&(s.removeAttribute(\"style\"),\"height\"===t.message?(1e3<(r=parseInt(t.value,10))?r=1e3:~~r<200&&(r=200),s.height=r):\"link\"===t.message&&(r=new URL(s.getAttribute(\"src\")),n=new URL(t.value),c.test(n.protocol))&&n.host===r.host&&l.activeElement===s&&(d.top.location.href=t.value))}},d.addEventListener(\"message\",d.wp.receiveEmbedMessage,!1),l.addEventListener(\"DOMContentLoaded\",function(){for(var e,t,s=l.querySelectorAll(\"iframe.wp-embedded-content\"),r=0;r<s.length;r++)(t=(e=s[r]).getAttribute(\"data-secret\"))||(t=Math.random().toString(36).substring(2,12),e.src+=\"#?secret=\"+t,e.setAttribute(\"data-secret\",t)),e.contentWindow.postMessage({message:\"ready\",secret:t},\"*\")},!1)))}(window,document);\n\/\/# sourceURL=http:\/\/concejodeliberantedeazul.gob.ar\/wp-includes\/js\/wp-embed.min.js\n\/* ]]> *\/\n<\/script>\n","thumbnail_url":"http:\/\/concejodeliberantedeazul.gob.ar\/wp-content\/uploads\/2025\/02\/Mesa-Social-000-19-02-25-Foto-Hector-Garcia.jpg","thumbnail_width":1913,"thumbnail_height":1276,"description":"Se llev\u00f3 a cabo, en el recinto del Concejo Deliberante, una reuni\u00f3n en el marco de la Mesa Social del partido de Azul. En representaci\u00f3n del Poder Legislativo participaron la Presidente, Pilar \u00c1lvarez, los Prosecretarios, Solana Mansilla y Juan Ignacio Furiasse y los Concejales Agustina Bauch\u00e9 y Sa\u00fal Lucero. Durante la jornada, se realiz\u00f3 un [&hellip;]"}

Reunión de la Mesa Social - Concejo deliberante de Azul

<blockquote class="wp-embedded-content" data-secret="JY0CamTGmR"><a href="http://concejodeliberantedeazul.gob.ar/index.php/2025/02/20/reunion-de-la-mesa-social/">Reunión de la Mesa Social</a></blockquote><iframe sandbox="allow-scripts" security="restricted" src="http://concejodeliberantedeazul.gob.ar/index.php/2025/02/20/reunion-de-la-mesa-social/embed/#?secret=JY0CamTGmR" width="600" height="338" title="&#8220;Reunión de la Mesa Social&#8221; &#8212; Concejo deliberante de Azul" data-secret="JY0CamTGmR" frameborder="0" marginwidth="0" marginheight="0" scrolling="no" class="wp-embedded-content"></iframe><script type="text/javascript">
/* <![CDATA[ */
/*! This file is auto-generated */
!function(d,l){"use strict";l.querySelector&&d.addEventListener&&"undefined"!=typeof URL&&(d.wp=d.wp||{},d.wp.receiveEmbedMessage||(d.wp.receiveEmbedMessage=function(e){var t=e.data;if((t||t.secret||t.message||t.value)&&!/[^a-zA-Z0-9]/.test(t.secret)){for(var s,r,n,a=l.querySelectorAll('iframe[data-secret="'+t.secret+'"]'),o=l.querySelectorAll('blockquote[data-secret="'+t.secret+'"]'),c=new RegExp("^https?:$","i"),i=0;i<o.length;i++)o[i].style.display="none";for(i=0;i<a.length;i++)s=a[i],e.source===s.contentWindow&&(s.removeAttribute("style"),"height"===t.message?(1e3<(r=parseInt(t.value,10))?r=1e3:~~r<200&&(r=200),s.height=r):"link"===t.message&&(r=new URL(s.getAttribute("src")),n=new URL(t.value),c.test(n.protocol))&&n.host===r.host&&l.activeElement===s&&(d.top.location.href=t.value))}},d.addEventListener("message",d.wp.receiveEmbedMessage,!1),l.addEventListener("DOMContentLoaded",function(){for(var e,t,s=l.querySelectorAll("iframe.wp-embedded-content"),r=0;r<s.length;r++)(t=(e=s[r]).getAttribute("data-secret"))||(t=Math.random().toString(36).substring(2,12),e.src+="#?secret="+t,e.setAttribute("data-secret",t)),e.contentWindow.postMessage({message:"ready",secret:t},"*")},!1)))}(window,document);
//# sourceURL=http://concejodeliberantedeazul.gob.ar/wp-includes/js/wp-embed.min.js
/* ]]> */
</script>

Se llevó a cabo, en el recinto del Concejo Deliberante, una reunión en el marco de la Mesa Social del partido de Azul. En representación del Poder Legislativo participaron la Presidente, Pilar Álvarez, los Prosecretarios, Solana Mansilla y Juan Ignacio Furiasse y los Concejales Agustina Bauché y Saúl Lucero. Durante la jornada, se realizó un [&hellip;]
