{"version":"1.0","provider_name":"Concejo deliberante de Azul","provider_url":"http:\/\/concejodeliberantedeazul.gob.ar","title":"D\u00e9cimo Segunda Sesi\u00f3n Ordinaria - Concejo deliberante de Azul","type":"rich","width":600,"height":338,"html":"<blockquote class=\"wp-embedded-content\" data-secret=\"v56PVFGiQe\"><a href=\"http:\/\/concejodeliberantedeazul.gob.ar\/index.php\/2023\/08\/18\/decimo-segunda-sesion-ordinaria-4\/\">D\u00e9cimo Segunda Sesi\u00f3n Ordinaria<\/a><\/blockquote><iframe sandbox=\"allow-scripts\" security=\"restricted\" src=\"http:\/\/concejodeliberantedeazul.gob.ar\/index.php\/2023\/08\/18\/decimo-segunda-sesion-ordinaria-4\/embed\/#?secret=v56PVFGiQe\" width=\"600\" height=\"338\" title=\"&#8220;D\u00e9cimo Segunda Sesi\u00f3n Ordinaria&#8221; &#8212; Concejo deliberante de Azul\" data-secret=\"v56PVFGiQe\" frameborder=\"0\" marginwidth=\"0\" marginheight=\"0\" scrolling=\"no\" class=\"wp-embedded-content\"><\/iframe><script type=\"text\/javascript\">\n\/* <![CDATA[ *\/\n\/*! This file is auto-generated *\/\n!function(d,l){\"use strict\";l.querySelector&&d.addEventListener&&\"undefined\"!=typeof URL&&(d.wp=d.wp||{},d.wp.receiveEmbedMessage||(d.wp.receiveEmbedMessage=function(e){var t=e.data;if((t||t.secret||t.message||t.value)&&!\/[^a-zA-Z0-9]\/.test(t.secret)){for(var s,r,n,a=l.querySelectorAll('iframe[data-secret=\"'+t.secret+'\"]'),o=l.querySelectorAll('blockquote[data-secret=\"'+t.secret+'\"]'),c=new RegExp(\"^https?:$\",\"i\"),i=0;i<o.length;i++)o[i].style.display=\"none\";for(i=0;i<a.length;i++)s=a[i],e.source===s.contentWindow&&(s.removeAttribute(\"style\"),\"height\"===t.message?(1e3<(r=parseInt(t.value,10))?r=1e3:~~r<200&&(r=200),s.height=r):\"link\"===t.message&&(r=new URL(s.getAttribute(\"src\")),n=new URL(t.value),c.test(n.protocol))&&n.host===r.host&&l.activeElement===s&&(d.top.location.href=t.value))}},d.addEventListener(\"message\",d.wp.receiveEmbedMessage,!1),l.addEventListener(\"DOMContentLoaded\",function(){for(var e,t,s=l.querySelectorAll(\"iframe.wp-embedded-content\"),r=0;r<s.length;r++)(t=(e=s[r]).getAttribute(\"data-secret\"))||(t=Math.random().toString(36).substring(2,12),e.src+=\"#?secret=\"+t,e.setAttribute(\"data-secret\",t)),e.contentWindow.postMessage({message:\"ready\",secret:t},\"*\")},!1)))}(window,document);\n\/\/# sourceURL=http:\/\/concejodeliberantedeazul.gob.ar\/wp-includes\/js\/wp-embed.min.js\n\/* ]]> *\/\n<\/script>\n","thumbnail_url":"https:\/\/concejodeliberantedeazul.gob.ar\/wp-content\/uploads\/2023\/03\/Autoridades-02-scaled.jpg","thumbnail_width":2560,"thumbnail_height":1624,"description":"Se llevar\u00e1 a cabo, este martes 22 a partir de las 17.30, la D\u00e9cimo Segunda Sesi\u00f3n Ordinaria, ejercicio 2023. El orden del d\u00eda cuenta con 15 puntos entre los que se destacan proyectos de los diferentes bloques, expedientes elevados por el Intendente y despachos de las Comisiones Permanentes que componen el Cuerpo. Expedientes elevados por [&hellip;]"}

Décimo Segunda Sesión Ordinaria - Concejo deliberante de Azul

<blockquote class="wp-embedded-content" data-secret="v56PVFGiQe"><a href="http://concejodeliberantedeazul.gob.ar/index.php/2023/08/18/decimo-segunda-sesion-ordinaria-4/">Décimo Segunda Sesión Ordinaria</a></blockquote><iframe sandbox="allow-scripts" security="restricted" src="http://concejodeliberantedeazul.gob.ar/index.php/2023/08/18/decimo-segunda-sesion-ordinaria-4/embed/#?secret=v56PVFGiQe" width="600" height="338" title="&#8220;Décimo Segunda Sesión Ordinaria&#8221; &#8212; Concejo deliberante de Azul" data-secret="v56PVFGiQe" frameborder="0" marginwidth="0" marginheight="0" scrolling="no" class="wp-embedded-content"></iframe><script type="text/javascript">
/* <![CDATA[ */
/*! This file is auto-generated */
!function(d,l){"use strict";l.querySelector&&d.addEventListener&&"undefined"!=typeof URL&&(d.wp=d.wp||{},d.wp.receiveEmbedMessage||(d.wp.receiveEmbedMessage=function(e){var t=e.data;if((t||t.secret||t.message||t.value)&&!/[^a-zA-Z0-9]/.test(t.secret)){for(var s,r,n,a=l.querySelectorAll('iframe[data-secret="'+t.secret+'"]'),o=l.querySelectorAll('blockquote[data-secret="'+t.secret+'"]'),c=new RegExp("^https?:$","i"),i=0;i<o.length;i++)o[i].style.display="none";for(i=0;i<a.length;i++)s=a[i],e.source===s.contentWindow&&(s.removeAttribute("style"),"height"===t.message?(1e3<(r=parseInt(t.value,10))?r=1e3:~~r<200&&(r=200),s.height=r):"link"===t.message&&(r=new URL(s.getAttribute("src")),n=new URL(t.value),c.test(n.protocol))&&n.host===r.host&&l.activeElement===s&&(d.top.location.href=t.value))}},d.addEventListener("message",d.wp.receiveEmbedMessage,!1),l.addEventListener("DOMContentLoaded",function(){for(var e,t,s=l.querySelectorAll("iframe.wp-embedded-content"),r=0;r<s.length;r++)(t=(e=s[r]).getAttribute("data-secret"))||(t=Math.random().toString(36).substring(2,12),e.src+="#?secret="+t,e.setAttribute("data-secret",t)),e.contentWindow.postMessage({message:"ready",secret:t},"*")},!1)))}(window,document);
//# sourceURL=http://concejodeliberantedeazul.gob.ar/wp-includes/js/wp-embed.min.js
/* ]]> */
</script>

Se llevará a cabo, este martes 22 a partir de las 17.30, la Décimo Segunda Sesión Ordinaria, ejercicio 2023. El orden del día cuenta con 15 puntos entre los que se destacan proyectos de los diferentes bloques, expedientes elevados por el Intendente y despachos de las Comisiones Permanentes que componen el Cuerpo. Expedientes elevados por [&hellip;]
