{"version":"1.0","provider_name":"Concejo deliberante de Azul","provider_url":"http:\/\/concejodeliberantedeazul.gob.ar","title":"Sesi\u00f3n Extraordinaria - Concejo deliberante de Azul","type":"rich","width":600,"height":338,"html":"<blockquote class=\"wp-embedded-content\" data-secret=\"aRSvAYNHIh\"><a href=\"http:\/\/concejodeliberantedeazul.gob.ar\/index.php\/2022\/12\/14\/sesion-extraordinaria-2\/\"><strong><u>Sesi\u00f3n Extraordinaria<\/u><\/strong><\/a><\/blockquote><iframe sandbox=\"allow-scripts\" security=\"restricted\" src=\"http:\/\/concejodeliberantedeazul.gob.ar\/index.php\/2022\/12\/14\/sesion-extraordinaria-2\/embed\/#?secret=aRSvAYNHIh\" width=\"600\" height=\"338\" title=\"&#8220;&lt;strong&gt;&lt;u&gt;Sesi\u00f3n Extraordinaria&lt;\/u&gt;&lt;\/strong&gt;&#8221; &#8212; Concejo deliberante de Azul\" data-secret=\"aRSvAYNHIh\" frameborder=\"0\" marginwidth=\"0\" marginheight=\"0\" scrolling=\"no\" class=\"wp-embedded-content\"><\/iframe><script type=\"text\/javascript\">\n\/* <![CDATA[ *\/\n\/*! This file is auto-generated *\/\n!function(d,l){\"use strict\";l.querySelector&&d.addEventListener&&\"undefined\"!=typeof URL&&(d.wp=d.wp||{},d.wp.receiveEmbedMessage||(d.wp.receiveEmbedMessage=function(e){var t=e.data;if((t||t.secret||t.message||t.value)&&!\/[^a-zA-Z0-9]\/.test(t.secret)){for(var s,r,n,a=l.querySelectorAll('iframe[data-secret=\"'+t.secret+'\"]'),o=l.querySelectorAll('blockquote[data-secret=\"'+t.secret+'\"]'),c=new RegExp(\"^https?:$\",\"i\"),i=0;i<o.length;i++)o[i].style.display=\"none\";for(i=0;i<a.length;i++)s=a[i],e.source===s.contentWindow&&(s.removeAttribute(\"style\"),\"height\"===t.message?(1e3<(r=parseInt(t.value,10))?r=1e3:~~r<200&&(r=200),s.height=r):\"link\"===t.message&&(r=new URL(s.getAttribute(\"src\")),n=new URL(t.value),c.test(n.protocol))&&n.host===r.host&&l.activeElement===s&&(d.top.location.href=t.value))}},d.addEventListener(\"message\",d.wp.receiveEmbedMessage,!1),l.addEventListener(\"DOMContentLoaded\",function(){for(var e,t,s=l.querySelectorAll(\"iframe.wp-embedded-content\"),r=0;r<s.length;r++)(t=(e=s[r]).getAttribute(\"data-secret\"))||(t=Math.random().toString(36).substring(2,12),e.src+=\"#?secret=\"+t,e.setAttribute(\"data-secret\",t)),e.contentWindow.postMessage({message:\"ready\",secret:t},\"*\")},!1)))}(window,document);\n\/\/# sourceURL=http:\/\/concejodeliberantedeazul.gob.ar\/wp-includes\/js\/wp-embed.min.js\n\/* ]]> *\/\n<\/script>\n","thumbnail_url":"http:\/\/concejodeliberantedeazul.gob.ar\/wp-content\/uploads\/2022\/12\/IMG_20221213_120502875-scaled.jpg","thumbnail_width":2560,"thumbnail_height":1151,"description":"Se llev\u00f3 a cabo, en el recinto del Concejo Deliberante, una Sesi\u00f3n Extraordinaria que cont\u00f3 con un Orden del D\u00eda compuesto por m\u00e1s de 20 puntos. En la oportunidad, los concejales desaprobaron por mayor\u00eda el presupuesto 2023 presentado por el Departamento Ejecutivo; aprobaron por mayor\u00eda el proyecto de Ordenanza Fiscal e Impositiva con modificaciones; se [&hellip;]"}

Sesión Extraordinaria - Concejo deliberante de Azul

<blockquote class="wp-embedded-content" data-secret="aRSvAYNHIh"><a href="http://concejodeliberantedeazul.gob.ar/index.php/2022/12/14/sesion-extraordinaria-2/"><strong><u>Sesión Extraordinaria</u></strong></a></blockquote><iframe sandbox="allow-scripts" security="restricted" src="http://concejodeliberantedeazul.gob.ar/index.php/2022/12/14/sesion-extraordinaria-2/embed/#?secret=aRSvAYNHIh" width="600" height="338" title="&#8220;&lt;strong&gt;&lt;u&gt;Sesión Extraordinaria&lt;/u&gt;&lt;/strong&gt;&#8221; &#8212; Concejo deliberante de Azul" data-secret="aRSvAYNHIh" frameborder="0" marginwidth="0" marginheight="0" scrolling="no" class="wp-embedded-content"></iframe><script type="text/javascript">
/* <![CDATA[ */
/*! This file is auto-generated */
!function(d,l){"use strict";l.querySelector&&d.addEventListener&&"undefined"!=typeof URL&&(d.wp=d.wp||{},d.wp.receiveEmbedMessage||(d.wp.receiveEmbedMessage=function(e){var t=e.data;if((t||t.secret||t.message||t.value)&&!/[^a-zA-Z0-9]/.test(t.secret)){for(var s,r,n,a=l.querySelectorAll('iframe[data-secret="'+t.secret+'"]'),o=l.querySelectorAll('blockquote[data-secret="'+t.secret+'"]'),c=new RegExp("^https?:$","i"),i=0;i<o.length;i++)o[i].style.display="none";for(i=0;i<a.length;i++)s=a[i],e.source===s.contentWindow&&(s.removeAttribute("style"),"height"===t.message?(1e3<(r=parseInt(t.value,10))?r=1e3:~~r<200&&(r=200),s.height=r):"link"===t.message&&(r=new URL(s.getAttribute("src")),n=new URL(t.value),c.test(n.protocol))&&n.host===r.host&&l.activeElement===s&&(d.top.location.href=t.value))}},d.addEventListener("message",d.wp.receiveEmbedMessage,!1),l.addEventListener("DOMContentLoaded",function(){for(var e,t,s=l.querySelectorAll("iframe.wp-embedded-content"),r=0;r<s.length;r++)(t=(e=s[r]).getAttribute("data-secret"))||(t=Math.random().toString(36).substring(2,12),e.src+="#?secret="+t,e.setAttribute("data-secret",t)),e.contentWindow.postMessage({message:"ready",secret:t},"*")},!1)))}(window,document);
//# sourceURL=http://concejodeliberantedeazul.gob.ar/wp-includes/js/wp-embed.min.js
/* ]]> */
</script>

Se llevó a cabo, en el recinto del Concejo Deliberante, una Sesión Extraordinaria que contó con un Orden del Día compuesto por más de 20 puntos. En la oportunidad, los concejales desaprobaron por mayoría el presupuesto 2023 presentado por el Departamento Ejecutivo; aprobaron por mayoría el proyecto de Ordenanza Fiscal e Impositiva con modificaciones; se [&hellip;]
